.
27
What is the highest common divisor of 72 and 80?
8
Calculate the highest common divisor of 5922 and 322.
14
Calculate the highest common factor of 8 and 1832.
8
Calculate the greatest common divisor of 456 and 6.
6
What is the highest common divisor of 20 and 840?
20
What is the greatest common divisor of 338 and 143?
13
Calculate the highest common factor of 104 and 78.
26
Calculate the highest common divisor of 4444 and 44.
44
Calculate the highest common divisor of 15 and 23145.
15
Calculate the greatest common divisor of 126 and 3339.
63
Calculate the greatest common divisor of 244 and 12.
4
Calculate the greatest common factor of 1522 and 4.
2
Calculate the greatest common factor of 16 and 688.
16
Calculate the greatest common factor of 861 and 21.
21
What is the greatest common factor of 355 and 5?
5
Calculate the greatest common factor of 2400 and 500.
100
Calculate the greatest common divisor of 299 and 115.
23
Calculate the highest common divisor of 242 and 4433.
11
Calculate the highest common factor of 84 and 147.
21
What is the greatest common divisor of 496 and 80?
16
Calculate the highest common factor of 24 and 1410.
6
What is the highest common divisor of 35 and 60?
5
Calculate the highest common factor of 156 and 364.
52
What is the highest common divisor of 676 and 260?
52
What is the greatest common divisor of 527 and 102?
17
What is the highest common factor of 66 and 110?
22
What is the greatest common divisor of 114 and 42?
6
Calculate the greatest common factor of 116 and 145.
29
Calculate the highest common divisor of 978 and 18.
6
What is the greatest common factor of 1196 and 312?
52
What is the greatest common factor of 28 and 238?
14
What is the greatest common divisor of 434 and 4154?
62
Calculate the highest common factor of 127766 and 386.
386
What is the greatest common factor of 7935 and 1265?
115
What is the highest common divisor of 48 and 2504?
8
What is the highest common factor of 198 and 638?
22
What is the greatest common factor of 2542 and 4100?
82
Calculate the highest common factor of 54934 and 484.
242
What is the highest common divisor of 8449 and 51?
17
What is the greatest common divisor of 26 and 325?
13
Calculate the highest common divisor of 65693 and 179.
179
Calculate the highest common factor of 7 and 8.
1
Calculate the highest common factor of 48 and 27408.
48
What is the highest common factor of 8 and 1288?
8
Calculate the greatest common divisor of 254 and 17018.
254
What is the greatest common factor of 105 and 70?
35
Calculate the greatest common divisor of 90 and 720.
90
What is the greatest common divisor of 560 and 35?
35
Calculate the highest common factor of 154 and 22.
22
What is the highest common factor of 32 and 1264?
16
What is the greatest common divisor of 920 and 20?
20
What is the highest common factor of 198 and 44?
22
What is the greatest common divisor of 168 and 2086?
14
Calculate the highest common divisor of 357 and 882.
21
What is the highest common factor of 82 and 451?
41
Calculate the greatest common factor of 61 and 9.
1
Calculate the highest common factor of 5 and 505.
5
Calculate the greatest common factor of 24 and 2148.
12
Calculate the highest common factor of 3288 and 384.
24
What is the greatest common factor of 4984 and 42?
14
What is the highest common factor of 93570 and 30?
30
Calculate the highest common factor of 100 and 980.
20
What is the greatest common factor of 21 and 1050?
21
What is the highest common factor of 16 and 300?
4
Calculate the greatest common factor of 40 and 220.
20
What is the highest common factor of 76 and 44?
4
What is the greatest common factor of 370 and 230?
10
What is the greatest common factor of 3726 and 405?
81
Calculate the highest common factor of 49 and 2.
1
Calculate the highest common divisor of 45 and 126.
9
What is the highest common factor of 180 and 1460?
20
What is the greatest common divisor of 1480 and 4995?
185
Calculate the highest common divisor of 649 and 99.
11
Calculate the greatest common factor of 160 and 7920.
80
Calculate the greatest common divisor of 296 and 19832.
296
Calculate the greatest common factor of 1278 and 30.
6
Calculate the greatest common divisor of 471 and 12.
3
Calculate the greatest common factor of 12 and 2670.
6
Calculate the greatest common divisor of 43187 and 38.
19
What is the highest common factor of 370 and 3256?
74
What is the greatest common factor of 175 and 130?
5
What is the greatest common divisor of 44 and 3135?
11
Calculate the greatest common divisor of 53 and 848.
53
Calculate the greatest common factor of 29 and 783.
29
What is the highest common divisor of 24 and 204?
12
What is the highest common factor of 286 and 364?
26
What is the highest common divisor of 672 and 108?
12
Calculate the highest common factor of 712 and 623.
89
What is the highest common divisor of 3926 and 143?
13
What is the greatest common factor of 1278 and 162?
18
Calculate the highest common factor of 49 and 6125.
49
What is the highest common factor of 37 and 74?
37
Calculate the highest common factor of 144 and 1496.
8
Calculate the greatest common divisor of 660 and 160.
20
Calculate the greatest common factor of 146 and 1825.
73
Calculate the greatest common factor of 7 and 49.
7
What is the greatest common divisor of 4644 and 172?
172
Calculate the greatest common factor of 35 and 3815.
35
What is the greatest common factor of 1 and 227?
1
Calculate the highest common divisor of 2596 and 66.
22
Calculate the highest common factor of 1026 and 874.
38
Calculate the greatest common divisor of 11556 and 18.
18
What is the greatest common divisor of 1191 and 3?
3
Calculate the greatest common factor of 170 and 425.
85
What is the greatest common factor of 17 and 493?
17
What is the highest common divisor of 440 and 8635?
55
Calculate the greatest common factor of 1476 and 54.
18
Calculate the greatest common divisor of 865 and 2941.
173
Calculate the greatest common factor of 15 and 4035.
15
Calculate the highest common factor of 81 and 15.
3
Calculate the highest common factor of 440 and 200.
40
What is the greatest common divisor of 33 and 55?
11
What is the greatest common factor of 8000 and 600?
200
Calculate the greatest common factor of 80 and 3392.
16
What is the highest common divisor of 490 and 70?
70
What is the highest common factor of 26 and 481?
13
Calculate the greatest common divisor of 285 and 20.
5
What is the highest common divisor of 771 and 6?
3
What is the greatest common divisor of 8 and 306?
2
What is the greatest common divisor of 305 and 4453?
61
What is the greatest common factor of 270 and 3807?
27
What is the greatest common divisor of 1885 and 715?
65
Calculate the greatest common factor of 36 and 9.
9
Calculate the greatest common factor of 182 and 224.
14
What is the greatest common factor of 13 and 2?
1
Calculate the greatest common factor of 76 and 247.
19
Calculate the highest common divisor of 7322 and 14.
14
Calculate the greatest common divisor of 660 and 15.
15
What is the highest common divisor of 21 and 3486?
21
Calculate the highest common divisor of 7 and 7.
7
Calculate the greatest common divisor of 846 and 189.
9
What is the highest common divisor of 400 and 50?
50
What is the highest common divisor of 32 and 24?
8
Calculate the greatest common factor of 115 and 1265.
115
What is the highest common divisor of 63 and 14889?
21
Calculate the greatest common factor of 18 and 27.
9
Calculate the greatest common factor of 23 and 45379.
23
What is the greatest common divisor of 7 and 175?
7
Calculate the highest common divisor of 1326 and 312.
78
Calculate the greatest common divisor of 155 and 62.
31
What is the greatest common divisor of 80 and 80?
80
Calculate the greatest common divisor of 120 and 930.
30
Calculate the highest common divisor of 109 and 5777.
109
Calculate the greatest common factor of 297 and 162.
27
What is the greatest common divisor of 5530 and 2528?
158
What is the greatest common divisor of 1501 and 158?
79
What is the highest common factor of 18 and 72?
18
Calculate the highest common factor of 42 and 336.
42
Calculate the greatest common divisor of 195 and 45.
15
Calculate the highest common factor of 8526 and